{"id":3767,"date":"2015-04-27T13:54:22","date_gmt":"2015-04-27T13:54:22","guid":{"rendered":"http:\/\/residenciasanjose.com\/wordpress\/?page_id=3767"},"modified":"2015-05-28T09:29:51","modified_gmt":"2015-05-28T09:29:51","slug":"habitacion-doble-planta-0","status":"publish","type":"page","link":"https:\/\/residenciasanjose.com\/wordpress\/habitacion-doble-planta-0\/","title":{"rendered":"Habitaci\u00f3n doble planta 0"},"content":{"rendered":"<div class=\"wpb-content-wrapper\">[vc_row][vc_column width=\u00bb1\/1&#8243;][vc_column_text]\n<h1 style=\"text-align: center;\"><span style=\"color: #0000ff;\">HABITACI\u00d3N DOBLE PLANTA BAJA<\/span><\/h1>\n[\/vc_column_text][\/vc_column][\/vc_row][vc_row][vc_column width=\u00bb1\/1&#8243;][vc_row_inner][vc_column_inner width=\u00bb1\/2&#8243;][vc_column_text]<span class=\"dropcap simple\">A<\/span>mplia y c\u00f3moda habitaci\u00f3n que comparten dos residentes. No tienen ba\u00f1o dentro de la habitaci\u00f3n, pero cuentan con un bonito lavabo, espejo y mueble de lavabo para los objetos de higiene y aseo.<\/p>\n<div><\/div>\n<p>Estas habitaciones son algo m\u00e1s caras que las dobles de arriba, ya que son algo mejores.[\/vc_column_text][\/vc_column_inner][vc_column_inner width=\u00bb1\/2&#8243;][vc_single_image image=\u00bb1091&#8243; border_color=\u00bbgrey\u00bb img_link_large=\u00bb\u00bb img_link_target=\u00bb_self\u00bb img_size=\u00bbfull\u00bb alignment=\u00bbcenter\u00bb][\/vc_column_inner][\/vc_row_inner][\/vc_column][\/vc_row][vc_row][vc_column width=\u00bb1\/1&#8243;][vc_column_text]Son habitaciones m\u00e1s grandes, el lavabo de la habitaci\u00f3n es de 90cm(los de arriba son de 60cm), el ventanal es m\u00e1s grande y cuentan con alg\u00fan mueble auxiliar adicional. Tienen la ventaja tambi\u00e9n de que no hay que subir escaleras.<\/p>\n<p>Tienen entre 19 y 22 metros cuadrados construidos. Hay 4 habitaciones de 19 metros y otras 4 habitaciones de 22 metros.Todas estas habitaciones tienen orientaci\u00f3n Este.<\/p>\n<p>En este tipo de habitaci\u00f3n, el frigor\u00edfico viene ya incluido en el mobiliario de la habitaci\u00f3n sin suplemento de ning\u00fan tipo.<\/p>\n<p>Todas las habitaciones tienen sus mesas de estudio con sus l\u00e1mparas y sus sillas. Tambi\u00e9n tienen tel\u00e9fono conectado a la centralita digital de la residencia. Las llamadas internas entre habitaciones no llevan coste alguno. Todas las habitaciones tienen Televisi\u00f3n, TDT y mandos a distancia. Un hermoso armario para cada residente\u00a0y por supuesto un hermoso ventanal.<\/p>\n<p>Aqu\u00ed van alguna fotos. Pinche sobre cada foto para verla m\u00e1s grande:[\/vc_column_text][\/vc_column][\/vc_row][vc_row][vc_column width=\u00bb1\/1&#8243;][vc_masonry_media_grid style=\u00bball\u00bb items_per_page=\u00bb10&#8243; element_width=\u00bb4&#8243; gap=\u00bb5&#8243; button_style=\u00bbrounded\u00bb button_color=\u00bbblue\u00bb button_size=\u00bbmd\u00bb arrows_design=\u00bbnone\u00bb arrows_position=\u00bbinside\u00bb arrows_color=\u00bbblue\u00bb paging_design=\u00bbradio_dots\u00bb paging_color=\u00bbgrey\u00bb loop=\u00bb\u00bb autoplay=\u00bb-1&#8243; item=\u00bbmasonryMedia_Default\u00bb grid_id=\u00bbvc_gid:1430144271838-1eb5cde1-19ba-10&#8243; include=\u00bb1100,1099,1098,1097,490,489&#8243;][\/vc_column][\/vc_row]\n<\/div>","protected":false},"excerpt":{"rendered":"<p>[vc_row][vc_column width=\u00bb1\/1&#8243;][vc_column_text] HABITACI\u00d3N DOBLE PLANTA BAJA [\/vc_column_text][\/vc_column][\/vc_row][vc_row][vc_column width=\u00bb1\/1&#8243;][vc_row_inner][vc_column_inner width=\u00bb1\/2&#8243;][vc_column_text]mplia y c\u00f3moda habitaci\u00f3n que comparten dos residentes. No tienen ba\u00f1o dentro [&hellip;]<\/p>\n","protected":false},"author":2,"featured_media":0,"parent":0,"menu_order":0,"comment_status":"closed","ping_status":"open","template":"","meta":{"footnotes":""},"class_list":["post-3767","page","type-page","status-publish","hentry"],"yoast_head":"<!-- This site is optimized with the Yoast SEO plugin v27.5 - https:\/\/yoast.com\/product\/yoast-seo-wordpress\/ -->\n<title>Residencia Universitaria SAN JOSE Unibertsitate Egoitza<\/title>\n<meta name=\"description\" content=\"Mixta. La m\u00e1s grande del Campus. No es Religiosa. Comidas incluidas. La m\u00e1s econ\u00f3mica.\" \/>\n<meta name=\"robots\" content=\"index, follow, max-snippet:-1, max-image-preview:large, max-video-preview:-1\" \/>\n<link rel=\"canonical\" href=\"https:\/\/residenciasanjose.com\/wordpress\/habitacion-doble-planta-0\/\" \/>\n<meta name=\"twitter:label1\" content=\"Tiempo de lectura\" \/>\n\t<meta name=\"twitter:data1\" content=\"2 minutos\" \/>\n<script type=\"application\/ld+json\" class=\"yoast-schema-graph\">{\"@context\":\"https:\\\/\\\/schema.org\",\"@graph\":[{\"@type\":\"WebPage\",\"@id\":\"https:\\\/\\\/residenciasanjose.com\\\/wordpress\\\/habitacion-doble-planta-0\\\/\",\"url\":\"https:\\\/\\\/residenciasanjose.com\\\/wordpress\\\/habitacion-doble-planta-0\\\/\",\"name\":\"Residencia Universitaria SAN JOSE Unibertsitate Egoitza\",\"isPartOf\":{\"@id\":\"https:\\\/\\\/residenciasanjose.com\\\/wordpress\\\/#website\"},\"datePublished\":\"2015-04-27T13:54:22+00:00\",\"dateModified\":\"2015-05-28T09:29:51+00:00\",\"description\":\"Mixta. La m\u00e1s grande del Campus. No es Religiosa. Comidas incluidas. La m\u00e1s econ\u00f3mica.\",\"breadcrumb\":{\"@id\":\"https:\\\/\\\/residenciasanjose.com\\\/wordpress\\\/habitacion-doble-planta-0\\\/#breadcrumb\"},\"inLanguage\":\"es\",\"potentialAction\":[{\"@type\":\"ReadAction\",\"target\":[\"https:\\\/\\\/residenciasanjose.com\\\/wordpress\\\/habitacion-doble-planta-0\\\/\"]}]},{\"@type\":\"BreadcrumbList\",\"@id\":\"https:\\\/\\\/residenciasanjose.com\\\/wordpress\\\/habitacion-doble-planta-0\\\/#breadcrumb\",\"itemListElement\":[{\"@type\":\"ListItem\",\"position\":1,\"name\":\"Portada\",\"item\":\"https:\\\/\\\/residenciasanjose.com\\\/wordpress\\\/\"},{\"@type\":\"ListItem\",\"position\":2,\"name\":\"Habitaci\u00f3n doble planta 0\"}]},{\"@type\":\"WebSite\",\"@id\":\"https:\\\/\\\/residenciasanjose.com\\\/wordpress\\\/#website\",\"url\":\"https:\\\/\\\/residenciasanjose.com\\\/wordpress\\\/\",\"name\":\"Residencia Univ. San Jos\u00e9 Univ. Egoitza\",\"description\":\"Residencia Universitaria en la ciudad de Vitoria. Residencia de estudiantes.\",\"potentialAction\":[{\"@type\":\"SearchAction\",\"target\":{\"@type\":\"EntryPoint\",\"urlTemplate\":\"https:\\\/\\\/residenciasanjose.com\\\/wordpress\\\/?s={search_term_string}\"},\"query-input\":{\"@type\":\"PropertyValueSpecification\",\"valueRequired\":true,\"valueName\":\"search_term_string\"}}],\"inLanguage\":\"es\"}]}<\/script>\n<!-- \/ Yoast SEO plugin. -->","yoast_head_json":{"title":"Residencia Universitaria SAN JOSE Unibertsitate Egoitza","description":"Mixta. La m\u00e1s grande del Campus. No es Religiosa. Comidas incluidas. La m\u00e1s econ\u00f3mica.","robots":{"index":"index","follow":"follow","max-snippet":"max-snippet:-1","max-image-preview":"max-image-preview:large","max-video-preview":"max-video-preview:-1"},"canonical":"https:\/\/residenciasanjose.com\/wordpress\/habitacion-doble-planta-0\/","twitter_misc":{"Tiempo de lectura":"2 minutos"},"schema":{"@context":"https:\/\/schema.org","@graph":[{"@type":"WebPage","@id":"https:\/\/residenciasanjose.com\/wordpress\/habitacion-doble-planta-0\/","url":"https:\/\/residenciasanjose.com\/wordpress\/habitacion-doble-planta-0\/","name":"Residencia Universitaria SAN JOSE Unibertsitate Egoitza","isPartOf":{"@id":"https:\/\/residenciasanjose.com\/wordpress\/#website"},"datePublished":"2015-04-27T13:54:22+00:00","dateModified":"2015-05-28T09:29:51+00:00","description":"Mixta. La m\u00e1s grande del Campus. No es Religiosa. Comidas incluidas. La m\u00e1s econ\u00f3mica.","breadcrumb":{"@id":"https:\/\/residenciasanjose.com\/wordpress\/habitacion-doble-planta-0\/#breadcrumb"},"inLanguage":"es","potentialAction":[{"@type":"ReadAction","target":["https:\/\/residenciasanjose.com\/wordpress\/habitacion-doble-planta-0\/"]}]},{"@type":"BreadcrumbList","@id":"https:\/\/residenciasanjose.com\/wordpress\/habitacion-doble-planta-0\/#breadcrumb","itemListElement":[{"@type":"ListItem","position":1,"name":"Portada","item":"https:\/\/residenciasanjose.com\/wordpress\/"},{"@type":"ListItem","position":2,"name":"Habitaci\u00f3n doble planta 0"}]},{"@type":"WebSite","@id":"https:\/\/residenciasanjose.com\/wordpress\/#website","url":"https:\/\/residenciasanjose.com\/wordpress\/","name":"Residencia Univ. San Jos\u00e9 Univ. Egoitza","description":"Residencia Universitaria en la ciudad de Vitoria. Residencia de estudiantes.","potentialAction":[{"@type":"SearchAction","target":{"@type":"EntryPoint","urlTemplate":"https:\/\/residenciasanjose.com\/wordpress\/?s={search_term_string}"},"query-input":{"@type":"PropertyValueSpecification","valueRequired":true,"valueName":"search_term_string"}}],"inLanguage":"es"}]}},"_links":{"self":[{"href":"https:\/\/residenciasanjose.com\/wordpress\/wp-json\/wp\/v2\/pages\/3767","targetHints":{"allow":["GET"]}}],"collection":[{"href":"https:\/\/residenciasanjose.com\/wordpress\/wp-json\/wp\/v2\/pages"}],"about":[{"href":"https:\/\/residenciasanjose.com\/wordpress\/wp-json\/wp\/v2\/types\/page"}],"author":[{"embeddable":true,"href":"https:\/\/residenciasanjose.com\/wordpress\/wp-json\/wp\/v2\/users\/2"}],"replies":[{"embeddable":true,"href":"https:\/\/residenciasanjose.com\/wordpress\/wp-json\/wp\/v2\/comments?post=3767"}],"version-history":[{"count":11,"href":"https:\/\/residenciasanjose.com\/wordpress\/wp-json\/wp\/v2\/pages\/3767\/revisions"}],"predecessor-version":[{"id":4261,"href":"https:\/\/residenciasanjose.com\/wordpress\/wp-json\/wp\/v2\/pages\/3767\/revisions\/4261"}],"wp:attachment":[{"href":"https:\/\/residenciasanjose.com\/wordpress\/wp-json\/wp\/v2\/media?parent=3767"}],"curies":[{"name":"wp","href":"https:\/\/api.w.org\/{rel}","templated":true}]}}

Habitación doble planta 0

<div class="wpb-content-wrapper">[vc_row][vc_column width=»1/1&#8243;][vc_column_text]
<h1 style="text-align: center;"><span style="color: #0000ff;">HABITACIÓN DOBLE PLANTA BAJA</span></h1>
[/vc_column_text][/vc_column][/vc_row][vc_row][vc_column width=»1/1&#8243;][vc_row_inner][vc_column_inner width=»1/2&#8243;][vc_column_text]<span class="dropcap simple">A</span>mplia y cómoda habitación que comparten dos residentes. No tienen baño dentro de la habitación, pero cuentan con un bonito lavabo, espejo y mueble de lavabo para los objetos de higiene y aseo.</p>
<div></div>
<p>Estas habitaciones son algo más caras que las dobles de arriba, ya que son algo mejores.[/vc_column_text][/vc_column_inner][vc_column_inner width=»1/2&#8243;][vc_single_image image=»1091&#8243; border_color=»grey» img_link_large=»» img_link_target=»_self» img_size=»full» alignment=»center»][/vc_column_inner][/vc_row_inner][/vc_column][/vc_row][vc_row][vc_column width=»1/1&#8243;][vc_column_text]Son habitaciones más grandes, el lavabo de la habitación es de 90cm(los de arriba son de 60cm), el ventanal es más grande y cuentan con algún mueble auxiliar adicional. Tienen la ventaja también de que no hay que subir escaleras.</p>
<p>Tienen entre 19 y 22 metros cuadrados construidos. Hay 4 habitaciones de 19 metros y otras 4 habitaciones de 22 metros.Todas estas habitaciones tienen orientación Este.</p>
<p>En este tipo de habitación, el frigorífico viene ya incluido en el mobiliario de la habitación sin suplemento de ningún tipo.</p>
<p>Todas las habitaciones tienen sus mesas de estudio con sus lámparas y sus sillas. También tienen teléfono conectado a la centralita digital de la residencia. Las llamadas internas entre habitaciones no llevan coste alguno. Todas las habitaciones tienen Televisión, TDT y mandos a distancia. Un hermoso armario para cada residente y por supuesto un hermoso ventanal.</p>
<p>Aquí van alguna fotos. Pinche sobre cada foto para verla más grande:[/vc_column_text][/vc_column][/vc_row][vc_row][vc_column width=»1/1&#8243;][vc_masonry_media_grid style=»all» items_per_page=»10&#8243; element_width=»4&#8243; gap=»5&#8243; button_style=»rounded» button_color=»blue» button_size=»md» arrows_design=»none» arrows_position=»inside» arrows_color=»blue» paging_design=»radio_dots» paging_color=»grey» loop=»» autoplay=»-1&#8243; item=»masonryMedia_Default» grid_id=»vc_gid:1430144271838-1eb5cde1-19ba-10&#8243; include=»1100,1099,1098,1097,490,489&#8243;][/vc_column][/vc_row]
</div>

<p>[vc_row][vc_column width=»1/1&#8243;][vc_column_text] HABITACIÓN DOBLE PLANTA BAJA [/vc_column_text][/vc_column][/vc_row][vc_row][vc_column width=»1/1&#8243;][vc_row_inner][vc_column_inner width=»1/2&#8243;][vc_column_text]mplia y cómoda habitación que comparten dos residentes. No tienen baño dentro [&hellip;]</p>

<!-- This site is optimized with the Yoast SEO plugin v27.5 - https://yoast.com/product/yoast-seo-wordpress/ -->
<title>Residencia Universitaria SAN JOSE Unibertsitate Egoitza</title>
<meta name="description" content="Mixta. La más grande del Campus. No es Religiosa. Comidas incluidas. La más económica." />
<meta name="robots" content="index, follow, max-snippet:-1, max-image-preview:large, max-video-preview:-1" />
<link rel="canonical" href="https://residenciasanjose.com/wordpress/habitacion-doble-planta-0/" />
<meta name="twitter:label1" content="Tiempo de lectura" />
	<meta name="twitter:data1" content="2 minutos" />
<script type="application/ld+json" class="yoast-schema-graph">{"@context":"https:\/\/schema.org","@graph":[{"@type":"WebPage","@id":"https:\/\/residenciasanjose.com\/wordpress\/habitacion-doble-planta-0\/","url":"https:\/\/residenciasanjose.com\/wordpress\/habitacion-doble-planta-0\/","name":"Residencia Universitaria SAN JOSE Unibertsitate Egoitza","isPartOf":{"@id":"https:\/\/residenciasanjose.com\/wordpress\/#website"},"datePublished":"2015-04-27T13:54:22+00:00","dateModified":"2015-05-28T09:29:51+00:00","description":"Mixta. La más grande del Campus. No es Religiosa. Comidas incluidas. La más económica.","breadcrumb":{"@id":"https:\/\/residenciasanjose.com\/wordpress\/habitacion-doble-planta-0\/#breadcrumb"},"inLanguage":"es","potentialAction":[{"@type":"ReadAction","target":["https:\/\/residenciasanjose.com\/wordpress\/habitacion-doble-planta-0\/"]}]},{"@type":"BreadcrumbList","@id":"https:\/\/residenciasanjose.com\/wordpress\/habitacion-doble-planta-0\/#breadcrumb","itemListElement":[{"@type":"ListItem","position":1,"name":"Portada","item":"https:\/\/residenciasanjose.com\/wordpress\/"},{"@type":"ListItem","position":2,"name":"Habitación doble planta 0"}]},{"@type":"WebSite","@id":"https:\/\/residenciasanjose.com\/wordpress\/#website","url":"https:\/\/residenciasanjose.com\/wordpress\/","name":"Residencia Univ. San José Univ. Egoitza","description":"Residencia Universitaria en la ciudad de Vitoria. Residencia de estudiantes.","potentialAction":[{"@type":"SearchAction","target":{"@type":"EntryPoint","urlTemplate":"https:\/\/residenciasanjose.com\/wordpress\/?s={search_term_string}"},"query-input":{"@type":"PropertyValueSpecification","valueRequired":true,"valueName":"search_term_string"}}],"inLanguage":"es"}]}</script>
<!-- / Yoast SEO plugin. -->

Mixta. La más grande del Campus. No es Religiosa. Comidas incluidas. La más económica.

Residencia Univ. San José Univ. Egoitza
