{"id":3719,"date":"2015-04-27T11:01:18","date_gmt":"2015-04-27T11:01:18","guid":{"rendered":"http:\/\/residenciasanjose.com\/wordpress\/?page_id=3719"},"modified":"2015-05-28T09:24:45","modified_gmt":"2015-05-28T09:24:45","slug":"habindp1","status":"publish","type":"page","link":"https:\/\/residenciasanjose.com\/wordpress\/habindp1\/","title":{"rendered":"Hab. Individual Planta 1"},"content":{"rendered":"<div class=\"wpb-content-wrapper\">[vc_row][vc_column][vc_column_text]\n<h1 style=\"text-align: center;\"><span style=\"color: #0000ff;\">HABITACI\u00d3N INDIVIDUAL PLANTA 1<\/span><\/h1>\n[\/vc_column_text][\/vc_column][\/vc_row][vc_row][vc_column width=\u00bb1\/4&#8243;]<div class=\"hb-box-frame   hb-animate-element hb-left-to-right\" data-delay=\"400\"><span><a><img loading=\"lazy\" decoding=\"async\" src=\"https:\/\/residenciasanjose.com\/wordpress\/wp-content\/uploads\/2011\/10\/Hab-ind-1.jpg\" width=\"364\" height=\"336\" alt=\"Image\"\/><\/a><\/span><\/div><div class=\"hb-box-frame   hb-animate-element hb-left-to-right\" data-delay=\"400\"><span><a href=\"http:\/\/residenciasanjose.com\/wordpress\/wp-content\/uploads\/2011\/10\/Habitaci\u00f3n-Ind-p1-2.jpg\"><img loading=\"lazy\" decoding=\"async\" src=\"https:\/\/residenciasanjose.com\/wordpress\/wp-content\/uploads\/2015\/04\/Habitaci\u00f3n-Ind-p1-2-300x225.jpg\" width=\"300\" height=\"225\" alt=\"Image\"\/><div class=\"overlay\"><div class=\"plus-sign\"><\/div><\/div><\/a><\/span><\/div>[\/vc_column][vc_column width=\u00bb1\/2&#8243;]<div class=\"shortcode-wrapper shortcode-content-box clearfix\"><div class=\"hb-box-cont\"><div class=\"hb-box-cont-body\">Estas habitaciones son estrictamente<br \/>\nindividuales. No tienen ba\u00f1o dentro de la habitaci\u00f3n, pero cuentan con un bonito lavabo, espejo y mueble de lavabo para los objetos de higiene y aseo.<br \/>\nSon las habitaciones m\u00e1s peque\u00f1as. Tienen entre 9 y 12 metros cuadrados construidos. Las m\u00e1s grandes son ocupadas por residentes que ya llevan un tiempo en la residencia, y las m\u00e1s peque\u00f1as son las que se asignan a los de nueva incorporaci\u00f3n.<\/p>\n<p>En este tipo de habitaci\u00f3n, el\u00a0frigor\u00edfico se coloca bajo petici\u00f3n.<\/p>\n<p>Supone un suplemento de 10 euros en el precio de la habitaci\u00f3n.<\/p>\n<p>Todas las habitaciones tienen sus mesas de estudio con sus l\u00e1mparas y sus sillas.<br \/>\nTambi\u00e9n tienen tel\u00e9fono conectado a la centralita digital de la residencia. Las llamadas internas entre habitaciones no llevan coste alguno.<\/p>\n<p>Todas las habitaciones tienen Televisi\u00f3n, TDT y mandos a distancia. Un hermoso armario para cada residente\u00a0y por supuesto un hermoso ventanal.<\/p>\n<p>Haz click sore las fotos para verlas ampliadas.<\/div><\/div><\/div>[\/vc_column][vc_column width=\u00bb1\/4&#8243;]<div class=\"hb-box-frame   hb-animate-element hb-left-to-right\" data-delay=\"400\"><span><a href=\"http:\/\/residenciasanjose.com\/wordpress\/wp-content\/uploads\/2011\/10\/Habitaci\u00f3n-Ind-p1.jpg\"><img loading=\"lazy\" decoding=\"async\" src=\"https:\/\/residenciasanjose.com\/wordpress\/wp-content\/uploads\/2015\/04\/Habitaci\u00f3n-Ind-p1-300x225.jpg\" width=\"300\" height=\"225\" alt=\"Image\"\/><div class=\"overlay\"><div class=\"plus-sign\"><\/div><\/div><\/a><\/span><\/div><div class=\"hb-box-frame   hb-animate-element hb-left-to-right\" data-delay=\"400\"><span><a href=\"http:\/\/residenciasanjose.com\/wordpress\/wp-content\/uploads\/2011\/10\/frigo-individual.jpg\"><img loading=\"lazy\" decoding=\"async\" src=\"https:\/\/residenciasanjose.com\/wordpress\/wp-content\/uploads\/2015\/04\/frigo-individual-300x225.jpg\" width=\"300\" height=\"225\" alt=\"Image\"\/><div class=\"overlay\"><div class=\"plus-sign\"><\/div><\/div><\/a><\/span><\/div>[\/vc_column][\/vc_row]\n<\/div>","protected":false},"excerpt":{"rendered":"<p>[vc_row][vc_column][vc_column_text] HABITACI\u00d3N INDIVIDUAL PLANTA 1 [\/vc_column_text][\/vc_column][\/vc_row][vc_row][vc_column width=\u00bb1\/4&#8243;][\/vc_column][vc_column width=\u00bb1\/2&#8243;][\/vc_column][vc_column width=\u00bb1\/4&#8243;][\/vc_column][\/vc_row]<\/p>\n","protected":false},"author":2,"featured_media":0,"parent":0,"menu_order":0,"comment_status":"closed","ping_status":"open","template":"","meta":{"footnotes":""},"class_list":["post-3719","page","type-page","status-publish","hentry"],"yoast_head":"<!-- This site is optimized with the Yoast SEO plugin v27.5 - https:\/\/yoast.com\/product\/yoast-seo-wordpress\/ -->\n<title>Residencia Universitaria SAN JOSE Unibertsitate Egoitza<\/title>\n<meta name=\"description\" content=\"Mixta. La m\u00e1s grande del Campus. No es Religiosa. Comidas incluidas. La m\u00e1s econ\u00f3mica.\" \/>\n<meta name=\"robots\" content=\"index, follow, max-snippet:-1, max-image-preview:large, max-video-preview:-1\" \/>\n<link rel=\"canonical\" href=\"https:\/\/residenciasanjose.com\/wordpress\/habindp1\/\" \/>\n<meta name=\"twitter:label1\" content=\"Tiempo de lectura\" \/>\n\t<meta name=\"twitter:data1\" content=\"1 minuto\" \/>\n<script type=\"application\/ld+json\" class=\"yoast-schema-graph\">{\"@context\":\"https:\\\/\\\/schema.org\",\"@graph\":[{\"@type\":\"WebPage\",\"@id\":\"https:\\\/\\\/residenciasanjose.com\\\/wordpress\\\/habindp1\\\/\",\"url\":\"https:\\\/\\\/residenciasanjose.com\\\/wordpress\\\/habindp1\\\/\",\"name\":\"Residencia Universitaria SAN JOSE Unibertsitate Egoitza\",\"isPartOf\":{\"@id\":\"https:\\\/\\\/residenciasanjose.com\\\/wordpress\\\/#website\"},\"datePublished\":\"2015-04-27T11:01:18+00:00\",\"dateModified\":\"2015-05-28T09:24:45+00:00\",\"description\":\"Mixta. La m\u00e1s grande del Campus. No es Religiosa. Comidas incluidas. La m\u00e1s econ\u00f3mica.\",\"breadcrumb\":{\"@id\":\"https:\\\/\\\/residenciasanjose.com\\\/wordpress\\\/habindp1\\\/#breadcrumb\"},\"inLanguage\":\"es\",\"potentialAction\":[{\"@type\":\"ReadAction\",\"target\":[\"https:\\\/\\\/residenciasanjose.com\\\/wordpress\\\/habindp1\\\/\"]}]},{\"@type\":\"BreadcrumbList\",\"@id\":\"https:\\\/\\\/residenciasanjose.com\\\/wordpress\\\/habindp1\\\/#breadcrumb\",\"itemListElement\":[{\"@type\":\"ListItem\",\"position\":1,\"name\":\"Portada\",\"item\":\"https:\\\/\\\/residenciasanjose.com\\\/wordpress\\\/\"},{\"@type\":\"ListItem\",\"position\":2,\"name\":\"Hab. Individual Planta 1\"}]},{\"@type\":\"WebSite\",\"@id\":\"https:\\\/\\\/residenciasanjose.com\\\/wordpress\\\/#website\",\"url\":\"https:\\\/\\\/residenciasanjose.com\\\/wordpress\\\/\",\"name\":\"Residencia Univ. San Jos\u00e9 Univ. Egoitza\",\"description\":\"Residencia Universitaria en la ciudad de Vitoria. Residencia de estudiantes.\",\"potentialAction\":[{\"@type\":\"SearchAction\",\"target\":{\"@type\":\"EntryPoint\",\"urlTemplate\":\"https:\\\/\\\/residenciasanjose.com\\\/wordpress\\\/?s={search_term_string}\"},\"query-input\":{\"@type\":\"PropertyValueSpecification\",\"valueRequired\":true,\"valueName\":\"search_term_string\"}}],\"inLanguage\":\"es\"}]}<\/script>\n<!-- \/ Yoast SEO plugin. -->","yoast_head_json":{"title":"Residencia Universitaria SAN JOSE Unibertsitate Egoitza","description":"Mixta. La m\u00e1s grande del Campus. No es Religiosa. Comidas incluidas. La m\u00e1s econ\u00f3mica.","robots":{"index":"index","follow":"follow","max-snippet":"max-snippet:-1","max-image-preview":"max-image-preview:large","max-video-preview":"max-video-preview:-1"},"canonical":"https:\/\/residenciasanjose.com\/wordpress\/habindp1\/","twitter_misc":{"Tiempo de lectura":"1 minuto"},"schema":{"@context":"https:\/\/schema.org","@graph":[{"@type":"WebPage","@id":"https:\/\/residenciasanjose.com\/wordpress\/habindp1\/","url":"https:\/\/residenciasanjose.com\/wordpress\/habindp1\/","name":"Residencia Universitaria SAN JOSE Unibertsitate Egoitza","isPartOf":{"@id":"https:\/\/residenciasanjose.com\/wordpress\/#website"},"datePublished":"2015-04-27T11:01:18+00:00","dateModified":"2015-05-28T09:24:45+00:00","description":"Mixta. La m\u00e1s grande del Campus. No es Religiosa. Comidas incluidas. La m\u00e1s econ\u00f3mica.","breadcrumb":{"@id":"https:\/\/residenciasanjose.com\/wordpress\/habindp1\/#breadcrumb"},"inLanguage":"es","potentialAction":[{"@type":"ReadAction","target":["https:\/\/residenciasanjose.com\/wordpress\/habindp1\/"]}]},{"@type":"BreadcrumbList","@id":"https:\/\/residenciasanjose.com\/wordpress\/habindp1\/#breadcrumb","itemListElement":[{"@type":"ListItem","position":1,"name":"Portada","item":"https:\/\/residenciasanjose.com\/wordpress\/"},{"@type":"ListItem","position":2,"name":"Hab. Individual Planta 1"}]},{"@type":"WebSite","@id":"https:\/\/residenciasanjose.com\/wordpress\/#website","url":"https:\/\/residenciasanjose.com\/wordpress\/","name":"Residencia Univ. San Jos\u00e9 Univ. Egoitza","description":"Residencia Universitaria en la ciudad de Vitoria. Residencia de estudiantes.","potentialAction":[{"@type":"SearchAction","target":{"@type":"EntryPoint","urlTemplate":"https:\/\/residenciasanjose.com\/wordpress\/?s={search_term_string}"},"query-input":{"@type":"PropertyValueSpecification","valueRequired":true,"valueName":"search_term_string"}}],"inLanguage":"es"}]}},"_links":{"self":[{"href":"https:\/\/residenciasanjose.com\/wordpress\/wp-json\/wp\/v2\/pages\/3719","targetHints":{"allow":["GET"]}}],"collection":[{"href":"https:\/\/residenciasanjose.com\/wordpress\/wp-json\/wp\/v2\/pages"}],"about":[{"href":"https:\/\/residenciasanjose.com\/wordpress\/wp-json\/wp\/v2\/types\/page"}],"author":[{"embeddable":true,"href":"https:\/\/residenciasanjose.com\/wordpress\/wp-json\/wp\/v2\/users\/2"}],"replies":[{"embeddable":true,"href":"https:\/\/residenciasanjose.com\/wordpress\/wp-json\/wp\/v2\/comments?post=3719"}],"version-history":[{"count":17,"href":"https:\/\/residenciasanjose.com\/wordpress\/wp-json\/wp\/v2\/pages\/3719\/revisions"}],"predecessor-version":[{"id":4259,"href":"https:\/\/residenciasanjose.com\/wordpress\/wp-json\/wp\/v2\/pages\/3719\/revisions\/4259"}],"wp:attachment":[{"href":"https:\/\/residenciasanjose.com\/wordpress\/wp-json\/wp\/v2\/media?parent=3719"}],"curies":[{"name":"wp","href":"https:\/\/api.w.org\/{rel}","templated":true}]}}

<div class="wpb-content-wrapper">[vc_row][vc_column][vc_column_text]
<h1 style="text-align: center;"><span style="color: #0000ff;">HABITACIÓN INDIVIDUAL PLANTA 1</span></h1>
[/vc_column_text][/vc_column][/vc_row][vc_row][vc_column width=»1/4&#8243;]<div class="hb-box-frame   hb-animate-element hb-left-to-right" data-delay="400"><span><a><img loading="lazy" decoding="async" src="https://residenciasanjose.com/wordpress/wp-content/uploads/2011/10/Hab-ind-1.jpg" width="364" height="336" alt="Image"/></a></span></div><div class="hb-box-frame   hb-animate-element hb-left-to-right" data-delay="400"><span><a href="http://residenciasanjose.com/wordpress/wp-content/uploads/2011/10/Habitación-Ind-p1-2.jpg"><img loading="lazy" decoding="async" src="https://residenciasanjose.com/wordpress/wp-content/uploads/2015/04/Habitación-Ind-p1-2-300x225.jpg" width="300" height="225" alt="Image"/><div class="overlay"><div class="plus-sign"></div></div></a></span></div>[/vc_column][vc_column width=»1/2&#8243;]<div class="shortcode-wrapper shortcode-content-box clearfix"><div class="hb-box-cont"><div class="hb-box-cont-body">Estas habitaciones son estrictamente<br />
individuales. No tienen baño dentro de la habitación, pero cuentan con un bonito lavabo, espejo y mueble de lavabo para los objetos de higiene y aseo.<br />
Son las habitaciones más pequeñas. Tienen entre 9 y 12 metros cuadrados construidos. Las más grandes son ocupadas por residentes que ya llevan un tiempo en la residencia, y las más pequeñas son las que se asignan a los de nueva incorporación.</p>
<p>En este tipo de habitación, el frigorífico se coloca bajo petición.</p>
<p>Supone un suplemento de 10 euros en el precio de la habitación.</p>
<p>Todas las habitaciones tienen sus mesas de estudio con sus lámparas y sus sillas.<br />
También tienen teléfono conectado a la centralita digital de la residencia. Las llamadas internas entre habitaciones no llevan coste alguno.</p>
<p>Todas las habitaciones tienen Televisión, TDT y mandos a distancia. Un hermoso armario para cada residente y por supuesto un hermoso ventanal.</p>
<p>Haz click sore las fotos para verlas ampliadas.</div></div></div>[/vc_column][vc_column width=»1/4&#8243;]<div class="hb-box-frame   hb-animate-element hb-left-to-right" data-delay="400"><span><a href="http://residenciasanjose.com/wordpress/wp-content/uploads/2011/10/Habitación-Ind-p1.jpg"><img loading="lazy" decoding="async" src="https://residenciasanjose.com/wordpress/wp-content/uploads/2015/04/Habitación-Ind-p1-300x225.jpg" width="300" height="225" alt="Image"/><div class="overlay"><div class="plus-sign"></div></div></a></span></div><div class="hb-box-frame   hb-animate-element hb-left-to-right" data-delay="400"><span><a href="http://residenciasanjose.com/wordpress/wp-content/uploads/2011/10/frigo-individual.jpg"><img loading="lazy" decoding="async" src="https://residenciasanjose.com/wordpress/wp-content/uploads/2015/04/frigo-individual-300x225.jpg" width="300" height="225" alt="Image"/><div class="overlay"><div class="plus-sign"></div></div></a></span></div>[/vc_column][/vc_row]
</div>

<p>[vc_row][vc_column][vc_column_text] HABITACIÓN INDIVIDUAL PLANTA 1 [/vc_column_text][/vc_column][/vc_row][vc_row][vc_column width=»1/4&#8243;][/vc_column][vc_column width=»1/2&#8243;][/vc_column][vc_column width=»1/4&#8243;][/vc_column][/vc_row]</p>

<!-- This site is optimized with the Yoast SEO plugin v27.5 - https://yoast.com/product/yoast-seo-wordpress/ -->
<title>Residencia Universitaria SAN JOSE Unibertsitate Egoitza</title>
<meta name="description" content="Mixta. La más grande del Campus. No es Religiosa. Comidas incluidas. La más económica." />
<meta name="robots" content="index, follow, max-snippet:-1, max-image-preview:large, max-video-preview:-1" />
<link rel="canonical" href="https://residenciasanjose.com/wordpress/habindp1/" />
<meta name="twitter:label1" content="Tiempo de lectura" />
	<meta name="twitter:data1" content="1 minuto" />
<script type="application/ld+json" class="yoast-schema-graph">{"@context":"https:\/\/schema.org","@graph":[{"@type":"WebPage","@id":"https:\/\/residenciasanjose.com\/wordpress\/habindp1\/","url":"https:\/\/residenciasanjose.com\/wordpress\/habindp1\/","name":"Residencia Universitaria SAN JOSE Unibertsitate Egoitza","isPartOf":{"@id":"https:\/\/residenciasanjose.com\/wordpress\/#website"},"datePublished":"2015-04-27T11:01:18+00:00","dateModified":"2015-05-28T09:24:45+00:00","description":"Mixta. La más grande del Campus. No es Religiosa. Comidas incluidas. La más económica.","breadcrumb":{"@id":"https:\/\/residenciasanjose.com\/wordpress\/habindp1\/#breadcrumb"},"inLanguage":"es","potentialAction":[{"@type":"ReadAction","target":["https:\/\/residenciasanjose.com\/wordpress\/habindp1\/"]}]},{"@type":"BreadcrumbList","@id":"https:\/\/residenciasanjose.com\/wordpress\/habindp1\/#breadcrumb","itemListElement":[{"@type":"ListItem","position":1,"name":"Portada","item":"https:\/\/residenciasanjose.com\/wordpress\/"},{"@type":"ListItem","position":2,"name":"Hab. Individual Planta 1"}]},{"@type":"WebSite","@id":"https:\/\/residenciasanjose.com\/wordpress\/#website","url":"https:\/\/residenciasanjose.com\/wordpress\/","name":"Residencia Univ. San José Univ. Egoitza","description":"Residencia Universitaria en la ciudad de Vitoria. Residencia de estudiantes.","potentialAction":[{"@type":"SearchAction","target":{"@type":"EntryPoint","urlTemplate":"https:\/\/residenciasanjose.com\/wordpress\/?s={search_term_string}"},"query-input":{"@type":"PropertyValueSpecification","valueRequired":true,"valueName":"search_term_string"}}],"inLanguage":"es"}]}</script>
<!-- / Yoast SEO plugin. -->

Mixta. La más grande del Campus. No es Religiosa. Comidas incluidas. La más económica.

Residencia Univ. San José Univ. Egoitza
