{"id":3711,"date":"2015-04-27T09:21:49","date_gmt":"2015-04-27T09:21:49","guid":{"rendered":"http:\/\/residenciasanjose.com\/wordpress\/?page_id=3711"},"modified":"2021-04-03T14:46:26","modified_gmt":"2021-04-03T14:46:26","slug":"habitacion-individual-planta-0-sala-privada","status":"publish","type":"page","link":"https:\/\/residenciasanjose.com\/wordpress\/habitacion-individual-planta-0-sala-privada\/","title":{"rendered":"Habitaci\u00f3n Individual Planta 0 Sala Privada"},"content":{"rendered":"<div class=\"wpb-content-wrapper\">[vc_row][vc_column][vc_column_text]\n<h1 style=\"text-align: center;\"><\/h1>\n<h1 style=\"text-align: center;\"><span style=\"color: #0000ff;\">HABITACI\u00d3N INDIVUDUAL CON BA\u00d1O Y SALA PRIVADA<\/span><\/h1>\n<p>&nbsp;<\/p>\n<pre><img loading=\"lazy\" decoding=\"async\" class=\"alignright\" title=\"Individual Planta 0\" src=\"http:\/\/residenciasanjose.com\/wordpress\/wp-content\/uploads\/2011\/10\/Hab-ind-0.jpg\" alt=\"\" width=\"477\" height=\"453\" \/>E<span class=\"dropcap simple\">E<\/span>ste tipo de habitaci\u00f3n es el de precio m\u00e1s elevado. Es una mezcla de habitaci\u00f3n individual con un factor importante de compartido. Los tabiques entre habitaciones no llegan hasta arriba y comparten una sala privada y un ba\u00f1o para cada 3 residentes. Son tipo apartamentos, y es el tipo de habitaci\u00f3n que m\u00e1s atrae a los residentes. Est\u00e1 formado por un grupo de tres habitaciones individuales de 8 metros cuadrados cada una, compartiendo una sala privada de 27 metros cuadrados para las tres habitaciones. Disponen de un total de m\u00e1s de 50 metros cuadrados para tres residentes. En esta sala privada tienen un ba\u00f1o completo, c\u00f3modas butacas y sof\u00e1s, mesa de centro, televisi\u00f3n, frigor\u00edfico y muebles auxiliares adicionales. Estas habitaciones son de orientaci\u00f3n Sur. Tienen tambi\u00e9n acceso a cocina compartida. La limpieza y mantenimiento del cuarto de ba\u00f1o y la cocina, es responsabilidad de los tres residentes. Todas las habitaciones tienen sus mesas de estudio con sus l\u00e1mparas y sus sillas. Tambi\u00e9n tienen tel\u00e9fono conectado a la centralita digital de la residencia. Televisi\u00f3n en la sala compartida. Un hermoso armario para cada residente.<\/pre>\n[\/vc_column_text][\/vc_column][\/vc_row][vc_row][vc_column][vc_masonry_media_grid grid_id=\u00bbvc_gid:1617460793488-9d90c35b-2143-2&#8243; include=\u00bb1145,1146,1147,1148,1149,1150,1151,1152&#8243;][\/vc_column][\/vc_row]\n<\/div>","protected":false},"excerpt":{"rendered":"<p>[vc_row][vc_column][vc_column_text] HABITACI\u00d3N INDIVUDUAL CON BA\u00d1O Y SALA PRIVADA &nbsp; Este tipo de habitaci\u00f3n es el de precio m\u00e1s elevado. Es [&hellip;]<\/p>\n","protected":false},"author":2,"featured_media":0,"parent":0,"menu_order":0,"comment_status":"closed","ping_status":"open","template":"","meta":{"footnotes":""},"class_list":["post-3711","page","type-page","status-publish","hentry"],"yoast_head":"<!-- This site is optimized with the Yoast SEO plugin v27.4 - https:\/\/yoast.com\/product\/yoast-seo-wordpress\/ -->\n<title>Residencia Universitaria SAN JOSE Unibertsitate Egoitza<\/title>\n<meta name=\"description\" content=\"Mixta. La m\u00e1s grande del Campus. No es Religiosa. Comidas incluidas. La m\u00e1s econ\u00f3mica.\" \/>\n<meta name=\"robots\" content=\"index, follow, max-snippet:-1, max-image-preview:large, max-video-preview:-1\" \/>\n<link rel=\"canonical\" href=\"https:\/\/residenciasanjose.com\/wordpress\/habitacion-individual-planta-0-sala-privada\/\" \/>\n<meta name=\"twitter:label1\" content=\"Tiempo de lectura\" \/>\n\t<meta name=\"twitter:data1\" content=\"2 minutos\" \/>\n<script type=\"application\/ld+json\" class=\"yoast-schema-graph\">{\"@context\":\"https:\\\/\\\/schema.org\",\"@graph\":[{\"@type\":\"WebPage\",\"@id\":\"https:\\\/\\\/residenciasanjose.com\\\/wordpress\\\/habitacion-individual-planta-0-sala-privada\\\/\",\"url\":\"https:\\\/\\\/residenciasanjose.com\\\/wordpress\\\/habitacion-individual-planta-0-sala-privada\\\/\",\"name\":\"Residencia Universitaria SAN JOSE Unibertsitate Egoitza\",\"isPartOf\":{\"@id\":\"https:\\\/\\\/residenciasanjose.com\\\/wordpress\\\/#website\"},\"primaryImageOfPage\":{\"@id\":\"https:\\\/\\\/residenciasanjose.com\\\/wordpress\\\/habitacion-individual-planta-0-sala-privada\\\/#primaryimage\"},\"image\":{\"@id\":\"https:\\\/\\\/residenciasanjose.com\\\/wordpress\\\/habitacion-individual-planta-0-sala-privada\\\/#primaryimage\"},\"thumbnailUrl\":\"http:\\\/\\\/residenciasanjose.com\\\/wordpress\\\/wp-content\\\/uploads\\\/2011\\\/10\\\/Hab-ind-0.jpg\",\"datePublished\":\"2015-04-27T09:21:49+00:00\",\"dateModified\":\"2021-04-03T14:46:26+00:00\",\"description\":\"Mixta. La m\u00e1s grande del Campus. No es Religiosa. Comidas incluidas. La m\u00e1s econ\u00f3mica.\",\"breadcrumb\":{\"@id\":\"https:\\\/\\\/residenciasanjose.com\\\/wordpress\\\/habitacion-individual-planta-0-sala-privada\\\/#breadcrumb\"},\"inLanguage\":\"es\",\"potentialAction\":[{\"@type\":\"ReadAction\",\"target\":[\"https:\\\/\\\/residenciasanjose.com\\\/wordpress\\\/habitacion-individual-planta-0-sala-privada\\\/\"]}]},{\"@type\":\"ImageObject\",\"inLanguage\":\"es\",\"@id\":\"https:\\\/\\\/residenciasanjose.com\\\/wordpress\\\/habitacion-individual-planta-0-sala-privada\\\/#primaryimage\",\"url\":\"http:\\\/\\\/residenciasanjose.com\\\/wordpress\\\/wp-content\\\/uploads\\\/2011\\\/10\\\/Hab-ind-0.jpg\",\"contentUrl\":\"http:\\\/\\\/residenciasanjose.com\\\/wordpress\\\/wp-content\\\/uploads\\\/2011\\\/10\\\/Hab-ind-0.jpg\"},{\"@type\":\"BreadcrumbList\",\"@id\":\"https:\\\/\\\/residenciasanjose.com\\\/wordpress\\\/habitacion-individual-planta-0-sala-privada\\\/#breadcrumb\",\"itemListElement\":[{\"@type\":\"ListItem\",\"position\":1,\"name\":\"Portada\",\"item\":\"https:\\\/\\\/residenciasanjose.com\\\/wordpress\\\/\"},{\"@type\":\"ListItem\",\"position\":2,\"name\":\"Habitaci\u00f3n Individual Planta 0 Sala Privada\"}]},{\"@type\":\"WebSite\",\"@id\":\"https:\\\/\\\/residenciasanjose.com\\\/wordpress\\\/#website\",\"url\":\"https:\\\/\\\/residenciasanjose.com\\\/wordpress\\\/\",\"name\":\"Residencia Univ. San Jos\u00e9 Univ. Egoitza\",\"description\":\"Residencia Universitaria en la ciudad de Vitoria. Residencia de estudiantes.\",\"potentialAction\":[{\"@type\":\"SearchAction\",\"target\":{\"@type\":\"EntryPoint\",\"urlTemplate\":\"https:\\\/\\\/residenciasanjose.com\\\/wordpress\\\/?s={search_term_string}\"},\"query-input\":{\"@type\":\"PropertyValueSpecification\",\"valueRequired\":true,\"valueName\":\"search_term_string\"}}],\"inLanguage\":\"es\"}]}<\/script>\n<!-- \/ Yoast SEO plugin. -->","yoast_head_json":{"title":"Residencia Universitaria SAN JOSE Unibertsitate Egoitza","description":"Mixta. La m\u00e1s grande del Campus. No es Religiosa. Comidas incluidas. La m\u00e1s econ\u00f3mica.","robots":{"index":"index","follow":"follow","max-snippet":"max-snippet:-1","max-image-preview":"max-image-preview:large","max-video-preview":"max-video-preview:-1"},"canonical":"https:\/\/residenciasanjose.com\/wordpress\/habitacion-individual-planta-0-sala-privada\/","twitter_misc":{"Tiempo de lectura":"2 minutos"},"schema":{"@context":"https:\/\/schema.org","@graph":[{"@type":"WebPage","@id":"https:\/\/residenciasanjose.com\/wordpress\/habitacion-individual-planta-0-sala-privada\/","url":"https:\/\/residenciasanjose.com\/wordpress\/habitacion-individual-planta-0-sala-privada\/","name":"Residencia Universitaria SAN JOSE Unibertsitate Egoitza","isPartOf":{"@id":"https:\/\/residenciasanjose.com\/wordpress\/#website"},"primaryImageOfPage":{"@id":"https:\/\/residenciasanjose.com\/wordpress\/habitacion-individual-planta-0-sala-privada\/#primaryimage"},"image":{"@id":"https:\/\/residenciasanjose.com\/wordpress\/habitacion-individual-planta-0-sala-privada\/#primaryimage"},"thumbnailUrl":"http:\/\/residenciasanjose.com\/wordpress\/wp-content\/uploads\/2011\/10\/Hab-ind-0.jpg","datePublished":"2015-04-27T09:21:49+00:00","dateModified":"2021-04-03T14:46:26+00:00","description":"Mixta. La m\u00e1s grande del Campus. No es Religiosa. Comidas incluidas. La m\u00e1s econ\u00f3mica.","breadcrumb":{"@id":"https:\/\/residenciasanjose.com\/wordpress\/habitacion-individual-planta-0-sala-privada\/#breadcrumb"},"inLanguage":"es","potentialAction":[{"@type":"ReadAction","target":["https:\/\/residenciasanjose.com\/wordpress\/habitacion-individual-planta-0-sala-privada\/"]}]},{"@type":"ImageObject","inLanguage":"es","@id":"https:\/\/residenciasanjose.com\/wordpress\/habitacion-individual-planta-0-sala-privada\/#primaryimage","url":"http:\/\/residenciasanjose.com\/wordpress\/wp-content\/uploads\/2011\/10\/Hab-ind-0.jpg","contentUrl":"http:\/\/residenciasanjose.com\/wordpress\/wp-content\/uploads\/2011\/10\/Hab-ind-0.jpg"},{"@type":"BreadcrumbList","@id":"https:\/\/residenciasanjose.com\/wordpress\/habitacion-individual-planta-0-sala-privada\/#breadcrumb","itemListElement":[{"@type":"ListItem","position":1,"name":"Portada","item":"https:\/\/residenciasanjose.com\/wordpress\/"},{"@type":"ListItem","position":2,"name":"Habitaci\u00f3n Individual Planta 0 Sala Privada"}]},{"@type":"WebSite","@id":"https:\/\/residenciasanjose.com\/wordpress\/#website","url":"https:\/\/residenciasanjose.com\/wordpress\/","name":"Residencia Univ. San Jos\u00e9 Univ. Egoitza","description":"Residencia Universitaria en la ciudad de Vitoria. Residencia de estudiantes.","potentialAction":[{"@type":"SearchAction","target":{"@type":"EntryPoint","urlTemplate":"https:\/\/residenciasanjose.com\/wordpress\/?s={search_term_string}"},"query-input":{"@type":"PropertyValueSpecification","valueRequired":true,"valueName":"search_term_string"}}],"inLanguage":"es"}]}},"_links":{"self":[{"href":"https:\/\/residenciasanjose.com\/wordpress\/wp-json\/wp\/v2\/pages\/3711","targetHints":{"allow":["GET"]}}],"collection":[{"href":"https:\/\/residenciasanjose.com\/wordpress\/wp-json\/wp\/v2\/pages"}],"about":[{"href":"https:\/\/residenciasanjose.com\/wordpress\/wp-json\/wp\/v2\/types\/page"}],"author":[{"embeddable":true,"href":"https:\/\/residenciasanjose.com\/wordpress\/wp-json\/wp\/v2\/users\/2"}],"replies":[{"embeddable":true,"href":"https:\/\/residenciasanjose.com\/wordpress\/wp-json\/wp\/v2\/comments?post=3711"}],"version-history":[{"count":9,"href":"https:\/\/residenciasanjose.com\/wordpress\/wp-json\/wp\/v2\/pages\/3711\/revisions"}],"predecessor-version":[{"id":4604,"href":"https:\/\/residenciasanjose.com\/wordpress\/wp-json\/wp\/v2\/pages\/3711\/revisions\/4604"}],"wp:attachment":[{"href":"https:\/\/residenciasanjose.com\/wordpress\/wp-json\/wp\/v2\/media?parent=3711"}],"curies":[{"name":"wp","href":"https:\/\/api.w.org\/{rel}","templated":true}]}}